{"id":803,"date":"2021-09-30T18:19:23","date_gmt":"2021-09-30T18:19:23","guid":{"rendered":"https:\/\/guillermofernandezok.com\/?post_type=product&#038;p=803"},"modified":"2024-04-27T00:19:36","modified_gmt":"2024-04-27T00:19:36","slug":"la-sanacion-del-linaje-ancestral","status":"publish","type":"product","link":"https:\/\/guillermofernandezok.com\/index.php\/producto\/la-sanacion-del-linaje-ancestral\/","title":{"rendered":"La Sanaci\u00f3n Del Linaje Ancestral"},"content":{"rendered":"<p><span style=\"vertical-align: inherit;\"><span style=\"vertical-align: inherit;\">Es un proceso individual en el cual vamos a realizar una limpieza y sanaci\u00f3n de nuestro \u00e1rbol geneal\u00f3gico. <\/span><span style=\"vertical-align: inherit;\">Una de las tareas m\u00e1s importantes que tenemos en esta existencia es la de identificar y liberar los patrones, conductas y creencias que hemos heredado de nuestro linaje materno y paterno. <\/span><span style=\"vertical-align: inherit;\">Estos patrones heredados distorsionan nuestra perspectiva de la vida. <\/span><span style=\"vertical-align: inherit;\">En la sanaci\u00f3n del linaje ancestral tomamos conciencia de que nuestros padres y madres han heredado una gran cantidad de historias no sanadas de sus antepasados. <\/span><span style=\"vertical-align: inherit;\">Nuestra tarea es liberarnos de este peso para que nuestros hijos e hijas no tengan que heredar y vivir limitado por ello. <\/span><span style=\"vertical-align: inherit;\">Creando as\u00ed un mundo nuevo. <\/span><span style=\"vertical-align: inherit;\">a trav\u00e9s de la sanaci\u00f3n del linaje ancestral.<\/span><\/span><\/p>\n<p><span style=\"vertical-align: inherit;\"><span style=\"vertical-align: inherit;\">Vamos a hacerlo trabajando con nuestra parte consciente y tambi\u00e9n con lo que est\u00e1 a nivel subconsciente.<\/span><\/span><\/p>\n<p><span style=\"vertical-align: inherit;\"><span style=\"vertical-align: inherit;\">A nivel consciente lo haremos a trav\u00e9s de una serie de ejercicios que tendremos que realizar ya nivel subconsciente con una meditaci\u00f3n-invocaci\u00f3n de gran fuerza que recibiremos en un audio.<\/span><\/span><\/p>\n<p><span style=\"vertical-align: inherit;\"><span style=\"vertical-align: inherit;\">Una vez liberados, por la nueva resonancia (libre de estos patrones) atraeremos las situaciones, oportunidades, parejas, trabajo etc&#8230; que m\u00e1s nos convienen, la vida fluir\u00e1 de forma m\u00e1s agradable y sencilla.<\/span><\/span><\/p>\n<p><span style=\"vertical-align: inherit;\"><span style=\"vertical-align: inherit;\">Te acompa\u00f1are en todo momento durante este proceso para resolver tus dudas.<\/span><\/span><\/p>\n<p><span style=\"vertical-align: inherit;\"><span style=\"vertical-align: inherit;\">Informaci\u00f3n al : 2494500228<\/span><\/span><\/p>\n<p><span style=\"vertical-align: inherit;\"><span style=\"vertical-align: inherit;\">Se abona con Mercado pago. <\/span><span style=\"vertical-align: inherit;\">D\u00e9bito. <\/span><span style=\"vertical-align: inherit;\">Western Union. <\/span><span style=\"vertical-align: inherit;\">Tarjetas de credito.<\/span><\/span><\/p>\n<p><span style=\"vertical-align: inherit;\"><span style=\"vertical-align: inherit;\">Informaci\u00f3n: MP de Messenger.<\/span><\/span><\/p>\n<p><span style=\"vertical-align: inherit;\"><span style=\"vertical-align: inherit;\">\u00a1Prep\u00e1rate para SANAR!<\/span><\/span><\/p>\n<p><span style=\"vertical-align: inherit;\"><span style=\"vertical-align: inherit;\">Guillermo Fern\u00e1ndez \u00ae derechos de autor<\/span><\/span><\/p>\n<p><span style=\"vertical-align: inherit;\"><span style=\"vertical-align: inherit;\">-Sanaci\u00f3n ancestral \u00aecopyright-<\/span><\/span><\/p>\n","protected":false},"excerpt":{"rendered":"<p>Es un proceso individual en el cual vamos a realizar una limpieza y sanaci\u00f3n de nuestro \u00e1rbol geneal\u00f3gico. Una de las tareas m\u00e1s importantes que tenemos en esta existencia es la de identificar y liberar los patrones, conductas y creencias que hemos heredado de nuestro linaje materno y paterno. Estos patrones heredados distorsionan nuestra perspectiva [&hellip;]<\/p>\n","protected":false},"featured_media":923,"comment_status":"open","ping_status":"closed","template":"","meta":{"site-sidebar-layout":"default","site-content-layout":"default","ast-site-content-layout":"default","site-content-style":"default","site-sidebar-style":"default","ast-global-header-display":"","ast-banner-title-visibility":"","ast-main-header-display":"","ast-hfb-above-header-display":"","ast-hfb-below-header-display":"","ast-hfb-mobile-header-display":"","site-post-title":"","ast-breadcrumbs-content":"","ast-featured-img":"","footer-sml-layout":"","ast-disable-related-posts":"","theme-transparent-header-meta":"default","adv-header-id-meta":"","stick-header-meta":"","header-above-stick-meta":"","header-main-stick-meta":"","header-below-stick-meta":"","astra-migrate-meta-layouts":"default","ast-page-background-enabled":"default","ast-page-background-meta":{"desktop":{"background-color":"var(--ast-global-color-4)","background-image":"","background-repeat":"repeat","background-position":"center center","background-size":"auto","background-attachment":"scroll","background-type":"","background-media":"","overlay-type":"","overlay-color":"","overlay-opacity":"","overlay-gradient":""},"tablet":{"background-color":"","background-image":"","background-repeat":"repeat","background-position":"center center","background-size":"auto","background-attachment":"scroll","background-type":"","background-media":"","overlay-type":"","overlay-color":"","overlay-opacity":"","overlay-gradient":""},"mobile":{"background-color":"","background-image":"","background-repeat":"repeat","background-position":"center center","background-size":"auto","background-attachment":"scroll","background-type":"","background-media":"","overlay-type":"","overlay-color":"","overlay-opacity":"","overlay-gradient":""}},"ast-content-background-meta":{"desktop":{"background-color":"var(--ast-global-color-5)","background-image":"","background-repeat":"repeat","background-position":"center center","background-size":"auto","background-attachment":"scroll","background-type":"","background-media":"","overlay-type":"","overlay-color":"","overlay-opacity":"","overlay-gradient":""},"tablet":{"background-color":"var(--ast-global-color-5)","background-image":"","background-repeat":"repeat","background-position":"center center","background-size":"auto","background-attachment":"scroll","background-type":"","background-media":"","overlay-type":"","overlay-color":"","overlay-opacity":"","overlay-gradient":""},"mobile":{"background-color":"var(--ast-global-color-5)","background-image":"","background-repeat":"repeat","background-position":"center center","background-size":"auto","background-attachment":"scroll","background-type":"","background-media":"","overlay-type":"","overlay-color":"","overlay-opacity":"","overlay-gradient":""}},"_joinchat":[]},"product_brand":[],"product_cat":[50],"product_tag":[53],"class_list":{"0":"post-803","1":"product","2":"type-product","3":"status-publish","4":"has-post-thumbnail","6":"product_cat-talleres","7":"product_tag-la-sanacion-del-linaje-ancestral","8":"desktop-align-left","9":"tablet-align-left","10":"mobile-align-left","12":"first","13":"instock","14":"taxable","15":"shipping-taxable","16":"purchasable","17":"product-type-simple"},"_links":{"self":[{"href":"https:\/\/guillermofernandezok.com\/index.php\/wp-json\/wp\/v2\/product\/803","targetHints":{"allow":["GET"]}}],"collection":[{"href":"https:\/\/guillermofernandezok.com\/index.php\/wp-json\/wp\/v2\/product"}],"about":[{"href":"https:\/\/guillermofernandezok.com\/index.php\/wp-json\/wp\/v2\/types\/product"}],"replies":[{"embeddable":true,"href":"https:\/\/guillermofernandezok.com\/index.php\/wp-json\/wp\/v2\/comments?post=803"}],"wp:featuredmedia":[{"embeddable":true,"href":"https:\/\/guillermofernandezok.com\/index.php\/wp-json\/wp\/v2\/media\/923"}],"wp:attachment":[{"href":"https:\/\/guillermofernandezok.com\/index.php\/wp-json\/wp\/v2\/media?parent=803"}],"wp:term":[{"taxonomy":"product_brand","embeddable":true,"href":"https:\/\/guillermofernandezok.com\/index.php\/wp-json\/wp\/v2\/product_brand?post=803"},{"taxonomy":"product_cat","embeddable":true,"href":"https:\/\/guillermofernandezok.com\/index.php\/wp-json\/wp\/v2\/product_cat?post=803"},{"taxonomy":"product_tag","embeddable":true,"href":"https:\/\/guillermofernandezok.com\/index.php\/wp-json\/wp\/v2\/product_tag?post=803"}],"curies":[{"name":"wp","href":"https:\/\/api.w.org\/{rel}","templated":true}]}}