{"id":1193,"date":"2023-01-22T19:47:56","date_gmt":"2023-01-22T19:47:56","guid":{"rendered":"https:\/\/guillermofernandezok.com\/?post_type=product&#038;p=1193"},"modified":"2024-07-30T00:57:14","modified_gmt":"2024-07-30T00:57:14","slug":"taller-de-medium-introduccion","status":"publish","type":"product","link":"https:\/\/guillermofernandezok.com\/index.php\/producto\/taller-de-medium-introduccion\/","title":{"rendered":"Taller de Medium"},"content":{"rendered":"<div class=\"o9v6fnle cxmmr5t8 oygrvhab hcukyx3x c1et5uql ii04i59q\">\n<div dir=\"auto\">El taller tiene como obetivo una introduccion en la tecnica\u00a0 de la mediunidad .<\/div>\n<div dir=\"auto\">\n<p>Tiene una duraci\u00f3n de cuatro (4)\u00a0 clases y est\u00e1 dirigido a todos aquellos interesados en el desarrollo de sus capacidades sensitivas y espirituales. Como la base del taller es el desarrollo espiritual, <strong>no es necesario querer ser m\u00e9dium<\/strong>\u00a0para realizarlo.<\/p>\n<p>Es un curso ideal para aquellas personas interesadas tambi\u00e9n en sentir una mayor conexi\u00f3n con la Espiritualidad, su Yo Superior o que deseen una mayor intuici\u00f3n, as\u00ed como la expansi\u00f3n de valores como la compasi\u00f3n y la empat\u00eda.<\/p>\n<p>Los principales puntos del temario\u00a0son:<\/p>\n<ul>\n<li>El desarrollo extrasensorial<\/li>\n<li>El desarrollo espiritual<\/li>\n<li>El empoderamiento del alma<\/li>\n<li>La conexi\u00f3n con el esp\u00edritu<\/li>\n<li>El rol de la mente<\/li>\n<li>Los diferentes tipos de\u00a0 mediumnidad : diferenciaci\u00f3n.<\/li>\n<\/ul>\n<\/div>\n<div dir=\"auto\"><span style=\"vertical-align: inherit;\">Es maravilloso que puedas sentir que tienes Indicios de la &#8220;facultad&#8221;, &#8220;don&#8221;. &#8220;habilidad&#8221; o predisposici\u00f3n para Mediumnizar:<\/span><\/div>\n<\/div>\n<div class=\"o9v6fnle cxmmr5t8 oygrvhab hcukyx3x c1et5uql ii04i59q\">\n<div dir=\"auto\"><span class=\"pq6dq46d tbxw36s4 knj5qynh kvgmc6g5 ditlmg2l oygrvhab nvdbi5me sf5mxxl7 gl3lb2sf hhz5lgdu\"><img decoding=\"async\" src=\"https:\/\/static.xx.fbcdn.net\/images\/emoji.php\/v9\/t33\/1\/16\/2705.png\" alt=\"\u2705\" width=\"16\" height=\"16\" \/><\/span><span style=\"vertical-align: inherit;\">\u00bfTienes o tuviste sue\u00f1os premonitorios con familiares o amigos fallecidos? o con angeles o guias?<\/span><\/div>\n<\/div>\n<div class=\"o9v6fnle cxmmr5t8 oygrvhab hcukyx3x c1et5uql ii04i59q\">\n<div dir=\"auto\"><span class=\"pq6dq46d tbxw36s4 knj5qynh kvgmc6g5 ditlmg2l oygrvhab nvdbi5me sf5mxxl7 gl3lb2sf hhz5lgdu\"><img decoding=\"async\" src=\"https:\/\/static.xx.fbcdn.net\/images\/emoji.php\/v9\/t33\/1\/16\/2705.png\" alt=\"\u2705\" width=\"16\" height=\"16\" \/><\/span><span style=\"vertical-align: inherit;\">Sentiste alguna vez que te han tocado y no hab\u00eda nadie?<\/span><\/div>\n<\/div>\n<div class=\"o9v6fnle cxmmr5t8 oygrvhab hcukyx3x c1et5uql ii04i59q\">\n<div dir=\"auto\"><span class=\"pq6dq46d tbxw36s4 knj5qynh kvgmc6g5 ditlmg2l oygrvhab nvdbi5me sf5mxxl7 gl3lb2sf hhz5lgdu\"><img decoding=\"async\" src=\"https:\/\/static.xx.fbcdn.net\/images\/emoji.php\/v9\/t9e\/1\/16\/27a1.png\" alt=\"\u27a1\ufe0f\" width=\"16\" height=\"16\" \/><\/span><span style=\"vertical-align: inherit;\">De peque\u00f1o tuviste miedos nocturnos? Escuchabas voces? \u00bfSoplidos en la nuca? \u00bfSusurros?<\/span><\/div>\n<\/div>\n<div class=\"o9v6fnle cxmmr5t8 oygrvhab hcukyx3x c1et5uql ii04i59q\">\n<div dir=\"auto\"><span class=\"pq6dq46d tbxw36s4 knj5qynh kvgmc6g5 ditlmg2l oygrvhab nvdbi5me sf5mxxl7 gl3lb2sf hhz5lgdu\"><img decoding=\"async\" src=\"https:\/\/static.xx.fbcdn.net\/images\/emoji.php\/v9\/t9e\/1\/16\/27a1.png\" alt=\"\u27a1\ufe0f\" width=\"16\" height=\"16\" \/><\/span><span style=\"vertical-align: inherit;\">Percepci\u00f3n de pensamientos, de emociones de las personas que tienes al lado? Visualizaste muchas veces las sombras que caminaban en tu hogar?<\/span><\/div>\n<\/div>\n<div class=\"o9v6fnle cxmmr5t8 oygrvhab hcukyx3x c1et5uql ii04i59q\">\n<div dir=\"auto\"><span class=\"pq6dq46d tbxw36s4 knj5qynh kvgmc6g5 ditlmg2l oygrvhab nvdbi5me sf5mxxl7 gl3lb2sf hhz5lgdu\"><img decoding=\"async\" src=\"https:\/\/static.xx.fbcdn.net\/images\/emoji.php\/v9\/t9e\/1\/16\/27a1.png\" alt=\"\u27a1\ufe0f\" width=\"16\" height=\"16\" \/><\/span><span style=\"vertical-align: inherit;\">Sentiste alguna vez que tenes la capacidad de comunicarte con espiritus?<\/span><\/div>\n<\/div>\n<div class=\"o9v6fnle cxmmr5t8 oygrvhab hcukyx3x c1et5uql ii04i59q\">\n<div dir=\"auto\"><span class=\"pq6dq46d tbxw36s4 knj5qynh kvgmc6g5 ditlmg2l oygrvhab nvdbi5me sf5mxxl7 gl3lb2sf hhz5lgdu\"><img decoding=\"async\" src=\"https:\/\/static.xx.fbcdn.net\/images\/emoji.php\/v9\/t33\/1\/16\/2705.png\" alt=\"\u2705\" width=\"16\" height=\"16\" \/><\/span><span style=\"vertical-align: inherit;\">Experimentaste alguna vez epidodios paranormales, como por ejemplo desde algunos de tus sentidos?<\/span><\/div>\n<\/div>\n<div class=\"o9v6fnle cxmmr5t8 oygrvhab hcukyx3x c1et5uql ii04i59q\">\n<div dir=\"auto\"><span class=\"pq6dq46d tbxw36s4 knj5qynh kvgmc6g5 ditlmg2l oygrvhab nvdbi5me sf5mxxl7 gl3lb2sf hhz5lgdu\"><img decoding=\"async\" src=\"https:\/\/static.xx.fbcdn.net\/images\/emoji.php\/v9\/tb1\/1\/16\/2747.png\" alt=\"\u2747\ufe0f\" width=\"16\" height=\"16\" \/><\/span><span style=\"vertical-align: inherit;\">No sabes que hacer cuando te sucede eso?<\/span><\/div>\n<\/div>\n<div class=\"o9v6fnle cxmmr5t8 oygrvhab hcukyx3x c1et5uql ii04i59q\">\n<div dir=\"auto\"><span class=\"pq6dq46d tbxw36s4 knj5qynh kvgmc6g5 ditlmg2l oygrvhab nvdbi5me sf5mxxl7 gl3lb2sf hhz5lgdu\"><img loading=\"lazy\" decoding=\"async\" src=\"https:\/\/static.xx.fbcdn.net\/images\/emoji.php\/v9\/tf4\/1\/16\/2728.png\" alt=\"\u2728\" width=\"16\" height=\"16\" \/><\/span><span style=\"vertical-align: inherit;\">Te ofrezco este curso para que puedas descubrir y veas que es una forma mas de sanar y evolucionar.<\/span><\/div>\n<div dir=\"auto\"><span style=\"vertical-align: inherit;\">Tambi\u00e9n vas a recibir la apertura del 3er ojo y vas a aprender a canalizar los mensajes de tus gu\u00edas, maestros y seres de luz para que te ayuden a tu evoluci\u00f3n espiritual y f\u00edsica.<\/span><\/div>\n<\/div>\n<div class=\"o9v6fnle cxmmr5t8 oygrvhab hcukyx3x c1et5uql ii04i59q\">\n<div dir=\"auto\"><span style=\"vertical-align: inherit;\">No solo podes comunicarte con desencarnados sino tambi\u00e9n con el alma de personas vivas en estado de coma, o con alguna enfermedad o trastorno que no pueda expresarse.<\/span><\/div>\n<\/div>\n<div dir=\"auto\">EL VALOR TOTAL es de $250.000.- pesos Argentinos. (PROMOCION EXCLUSIVA )<\/div>\n<div dir=\"auto\">valor en cuotas &#8211; consultar financiacion.<\/div>\n<div dir=\"auto\">VALOR EXTERIOR:<\/div>\n<div dir=\"auto\">250 DOLARES.<\/div>\n<div dir=\"auto\">WESTERUNION -PAYPALL.<\/div>\n<div dir=\"auto\"><\/div>\n<div class=\"o9v6fnle cxmmr5t8 oygrvhab hcukyx3x c1et5uql ii04i59q\">\n<div dir=\"auto\"><\/div>\n<\/div>\n","protected":false},"excerpt":{"rendered":"<p>El taller tiene como obetivo una introduccion en la tecnica\u00a0 de la mediunidad . Tiene una duraci\u00f3n de cuatro (4)\u00a0 clases y est\u00e1 dirigido a todos aquellos interesados en el desarrollo de sus capacidades sensitivas y espirituales. Como la base del taller es el desarrollo espiritual, no es necesario querer ser m\u00e9dium\u00a0para realizarlo. Es un [&hellip;]<\/p>\n","protected":false},"featured_media":1194,"comment_status":"open","ping_status":"closed","template":"","meta":{"site-sidebar-layout":"default","site-content-layout":"default","ast-site-content-layout":"default","site-content-style":"default","site-sidebar-style":"default","ast-global-header-display":"","ast-banner-title-visibility":"","ast-main-header-display":"","ast-hfb-above-header-display":"","ast-hfb-below-header-display":"","ast-hfb-mobile-header-display":"","site-post-title":"","ast-breadcrumbs-content":"","ast-featured-img":"","footer-sml-layout":"","ast-disable-related-posts":"","theme-transparent-header-meta":"default","adv-header-id-meta":"","stick-header-meta":"","header-above-stick-meta":"","header-main-stick-meta":"","header-below-stick-meta":"","astra-migrate-meta-layouts":"default","ast-page-background-enabled":"default","ast-page-background-meta":{"desktop":{"background-color":"var(--ast-global-color-4)","background-image":"","background-repeat":"repeat","background-position":"center center","background-size":"auto","background-attachment":"scroll","background-type":"","background-media":"","overlay-type":"","overlay-color":"","overlay-opacity":"","overlay-gradient":""},"tablet":{"background-color":"","background-image":"","background-repeat":"repeat","background-position":"center center","background-size":"auto","background-attachment":"scroll","background-type":"","background-media":"","overlay-type":"","overlay-color":"","overlay-opacity":"","overlay-gradient":""},"mobile":{"background-color":"","background-image":"","background-repeat":"repeat","background-position":"center center","background-size":"auto","background-attachment":"scroll","background-type":"","background-media":"","overlay-type":"","overlay-color":"","overlay-opacity":"","overlay-gradient":""}},"ast-content-background-meta":{"desktop":{"background-color":"var(--ast-global-color-5)","background-image":"","background-repeat":"repeat","background-position":"center center","background-size":"auto","background-attachment":"scroll","background-type":"","background-media":"","overlay-type":"","overlay-color":"","overlay-opacity":"","overlay-gradient":""},"tablet":{"background-color":"var(--ast-global-color-5)","background-image":"","background-repeat":"repeat","background-position":"center center","background-size":"auto","background-attachment":"scroll","background-type":"","background-media":"","overlay-type":"","overlay-color":"","overlay-opacity":"","overlay-gradient":""},"mobile":{"background-color":"var(--ast-global-color-5)","background-image":"","background-repeat":"repeat","background-position":"center center","background-size":"auto","background-attachment":"scroll","background-type":"","background-media":"","overlay-type":"","overlay-color":"","overlay-opacity":"","overlay-gradient":""}},"_joinchat":[]},"product_brand":[],"product_cat":[50],"product_tag":[],"class_list":{"0":"post-1193","1":"product","2":"type-product","3":"status-publish","4":"has-post-thumbnail","6":"product_cat-talleres","7":"desktop-align-left","8":"tablet-align-left","9":"mobile-align-left","11":"first","12":"instock","13":"sale","14":"taxable","15":"shipping-taxable","16":"purchasable","17":"product-type-simple"},"_links":{"self":[{"href":"https:\/\/guillermofernandezok.com\/index.php\/wp-json\/wp\/v2\/product\/1193","targetHints":{"allow":["GET"]}}],"collection":[{"href":"https:\/\/guillermofernandezok.com\/index.php\/wp-json\/wp\/v2\/product"}],"about":[{"href":"https:\/\/guillermofernandezok.com\/index.php\/wp-json\/wp\/v2\/types\/product"}],"replies":[{"embeddable":true,"href":"https:\/\/guillermofernandezok.com\/index.php\/wp-json\/wp\/v2\/comments?post=1193"}],"wp:featuredmedia":[{"embeddable":true,"href":"https:\/\/guillermofernandezok.com\/index.php\/wp-json\/wp\/v2\/media\/1194"}],"wp:attachment":[{"href":"https:\/\/guillermofernandezok.com\/index.php\/wp-json\/wp\/v2\/media?parent=1193"}],"wp:term":[{"taxonomy":"product_brand","embeddable":true,"href":"https:\/\/guillermofernandezok.com\/index.php\/wp-json\/wp\/v2\/product_brand?post=1193"},{"taxonomy":"product_cat","embeddable":true,"href":"https:\/\/guillermofernandezok.com\/index.php\/wp-json\/wp\/v2\/product_cat?post=1193"},{"taxonomy":"product_tag","embeddable":true,"href":"https:\/\/guillermofernandezok.com\/index.php\/wp-json\/wp\/v2\/product_tag?post=1193"}],"curies":[{"name":"wp","href":"https:\/\/api.w.org\/{rel}","templated":true}]}}